0
What is the remainder when 7257442 is divided by 4?
2
What is the remainder when 1116110 is divided by 2032?
542
What is the remainder when 39620881 is divided by 4680?
1
What is the remainder when 1878018 is divided by 529?
68
What is the remainder when 267389 is divided by 266706?
683
Calculate the remainder when 1522251 is divided by 89543.
20
Calculate the remainder when 2233386 is divided by 1173.
1167
What is the remainder when 62228793 is divided by 84?
81
What is the remainder when 1079393 is divided by 39976?
41
What is the remainder when 18414 is divided by 2531?
697
What is the remainder when 181782 is divided by 60585?
27
What is the remainder when 9885719 is divided by 242?
19
Calculate the remainder when 1581408 is divided by 394939.
1652
What is the remainder when 3706118 is divided by 258?
206
Calculate the remainder when 219407 is divided by 1895.
1482
What is the remainder when 8554 is divided by 880?
634
Calculate the remainder when 322043 is divided by 529.
411
What is the remainder when 3363696 is divided by 90?
36
Calculate the remainder when 408522 is divided by 31.
4
What is the remainder when 27807388 is divided by 2317282?
4
Calculate the remainder when 1591487 is divided by 29.
25
Calculate the remainder when 1459535 is divided by 486495.
50
Calculate the remainder when 196165348 is divided by 24520666.
20
Calculate the remainder when 150274539 is divided by 20.
19
What is the remainder when 7736737 is divided by 927?
922
Calculate the remainder when 1273407 is divided by 18.
15
Calculate the remainder when 6707252 is divided by 29.
16
Calculate the remainder when 6569959 is divided by 2827.
11
What is the remainder when 88064 is divided by 10631?
3016
What is the remainder when 2786108 is divided by 168?
164
What is the remainder when 5421377 is divided by 76?
69
What is the remainder when 885232278 is divided by 10?
8
What is the remainder when 3949495 is divided by 1316494?
13
What is the remainder when 960995 is divided by 526?
519
Calculate the remainder when 59075 is divided by 5227.
1578
Calculate the remainder when 559990 is divided by 2786.
4
Calculate the remainder when 19845 is divided by 4206.
3021
What is the remainder when 430944 is divided by 38?
24
Calculate the remainder when 121421 is divided by 1500.
1421
Calculate the remainder when 24315198 is divided by 422.
402
Calculate the remainder when 206590 is divided by 6629.
1091
Calculate the remainder when 304715 is divided by 101549.
68
Calculate the remainder when 240386 is divided by 66.
14
What is the remainder when 5121206 is divided by 29264?
6
Calculate the remainder when 51828706 is divided by 743.
741
Calculate the remainder when 889682 is divided by 1926.
1796
Calculate the remainder when 74308 is divided by 36495.
1318
What is the remainder when 725170 is divided by 9933?
61
Calculate the remainder when 142074796 is divided by 100.
96
Calculate the remainder when 1513292398 is divided by 3160.
3158
Calculate the remainder when 129542 is divided by 25904.
22
Calculate the remainder when 1089321 is divided by 115.
41
What is the remainder when 96648 is divided by 9650?
148
What is the remainder when 11930482 is divided by 1544?
1538
Calculate the remainder when 3395975 is divided by 2540.
2535
Calculate the remainder when 10458765 is divided by 17787.
9
Calculate the remainder when 5258292 is divided by 2629139.
14
Calculate the remainder when 49279 is divided by 49070.
209
Calculate the remainder when 303531 is divided by 33719.
60
What is the remainder when 102232 is divided by 2407?
1138
Calculate the remainder when 734637 is divided by 307.
293
Calculate the remainder when 772212 is divided by 1604.
688
Calculate the remainder when 55291 is divided by 4652.
4119
What is the remainder when 72056 is divided by 17828?
744
Calculate the remainder when 214184 is divided by 2524.
2168
Calculate the remainder when 781653 is divided by 77686.
4793
What is the remainder when 554693 is divided by 18473?
503
What is the remainder when 108148 is divided by 3797?
1832
What is the remainder when 691261 is divided by 57579?
313
Calculate the remainder when 407899 is divided by 2347.
1868
What is the remainder when 11352084 is divided by 10521?
10446
What is the remainder when 1744339 is divided by 671?
410
What is the remainder when 51859654 is divided by 4321637?
10
What is the remainder when 308778 is divided by 415?
18
Calculate the remainder when 4223248 is divided by 191965.
18
What is the remainder when 366718253 is divided by 2096?
2093
What is the remainder when 8363151 is divided by 29868?
111
What is the remainder when 27083 is divided by 1907?
385
What is the remainder when 779708 is divided by 17719?
72
What is the remainder when 850622 is divided by 121513?
31
What is the remainder when 725104 is divided by 1615?
1584
Calculate the remainder when 9635 is divided by 10.
5
Calculate the remainder when 6807386 is divided by 1469.
40
Calculate the remainder when 581060 is divided by 4508.
4036
Calculate the remainder when 125406 is divided by 26.
8
What is the remainder when 40706 is divided by 12899?
2009
What is the remainder when 58793 is divided by 8386?
91
What is the remainder when 24989999 is divided by 780937?
15
What is the remainder when 721574 is divided by 286?
282
Calculate the remainder when 628993 is divided by 208993.
2014
Calculate the remainder when 31762 is divided by 1445.
1417
Calculate the remainder when 1015100 is divided by 101477.
330
Calculate the remainder when 696123 is divided by 63283.
10
What is the remainder when 5854219 is divided by 477?
475
What is the remainder when 285535338 is divided by 1757?
1754
Calculate the remainder when 886192 is divided by 2126.
1776
Calculate the remainder when 489011 is divided by 2831.
2079
What is the remainder when 242763537 is divided by 1471?
1465
What is the remainder when 26308 is divided by 12969?
370
What is the remainder when 3611483 is divided by 223?
221
What is the remainder when 441501 is divided by 1306?
73
Calculate the remainder when 124630 is divided by 4959.
655
Calculate the remainder when 296835 is divided by 12.
3
Calculate the remainder when 1040534 is divided by 208094.
64
Calculate the remainder when 2566123 is divided by 5389.
959
Calculate the remainder when 1441866 is divided by 26.
10
What is the remainder when 1316100 is divided by 7?
2
Calculate the remainder when 4468845 is divided by 981.
390
What is the remainder when 2247958 is divided by 250?
208
What is the remainder when 12264367 is divided by 13?
11
What is the remainder when 263237 is divided by 767?
156
What is the remainder when 34517024 is divided by 876?
872
What is the remainder when 6575 is divided by 438?
5
What is the remainder when 13155101 is divided by 227?
224
What is the remainder when 17673864 is divided by 2179?
2174
What is the remainder when 487771 is divided by 4413?
2341
What is the remainder when 38187107 is divided by 14233?
14201
What is the remainder when 616818 is divided by 203?
104
Calculate the remainder when 714334 is divided by 39.
10
What is the remainder when 112890 is divided by 544?
282
What is the remainder when 139142 is divided by 2073?
251
Calculate the remainder when 23190857 is divided by 220.
217
Calculate the remainder when 6617389 is divided by 3888.
13
What is the remainder when 3219646 is divided by 1790?
1226
Calculate the remainder when 2613586 is divided by 12565.
66
Calculate the remainder when 681420 is divided by 24312.
684
Calculate the remainder when 4244472 is divided by 19.
5
What is the remainder when 1822635 is divided by 8247?
48
Calculate the remainder when 944383 is divided by 1191.
1111
What is the remainder when 1292669754 is divided by 3155?
3154
What is the remainder when 453750 is divided by 803?
55
Calculate the remainder when 6120 is divided by 426.
156
What is the remainder when 4130613 is divided by 38968?
5
Calculate the remainder when 10079 is divided by 457.
25
What is the remainder when 4860011 is divided by 3000?
11
What is the remainder when 888946 is divided by 295686?
1888
Calculate the remainder when 39238154 is divided by 73.
70
What is the remainder when 3286906 is divided by 207?
160
What is the remainder 